 composite number?
False
Is 5585882233 a prime number?
False
Is 169174475831 a composite number?
True
Is 9308760865 a prime number?
False
Is 2118105097 a composite number?
False
Is 17547563827 prime?
True
Is 168307557073 prime?
True
Is 724931167 a prime number?
False
Is 4333532231 prime?
False
Is 35815568759 composite?
True
Is 5258853811 a prime number?
True
Is 99507689954 prime?
False
Is 1153929743 a prime number?
False
Is 207351467798 prime?
False
Is 606865009 a prime number?
False
Is 885635299 prime?
True
Is 877823041 composite?
True
Is 3655855993 a composite number?
False
Is 1196745803 prime?
False
Is 1072103017 a prime number?
False
Is 125103796579 a prime number?
True
Is 3488674751 a prime number?
True
Is 21033826259 prime?
True
Is 1341381149 composite?
False
Is 53995195757 prime?
True
Is 4847908697 a prime number?
False
Is 136541230639 a prime number?
False
Is 130023293899 a prime number?
False
Is 702499 prime?
False
Is 7092151531 a composite number?
True
Is 1502929141 a prime number?
False
Is 1082655137 composite?
True
Is 1228108663 a composite number?
False
Is 485295619 prime?
False
Is 7565699899 a composite number?
False
Is 161865623 prime?
False
Is 4118243533 a composite number?
True
Is 7689070163 a prime number?
True
Is 3888349121 composite?
True
Is 3234839 a composite number?
False
Is 6068411749 a composite number?
True
Is 413167019 composite?
False
Is 4448401697 composite?
False
Is 241428043 composite?
False
Is 791288621 a prime number?
True
Is 190078000727 composite?
False
Is 578464819 composite?
False
Is 24182571557 a prime number?
True
Is 3615269603 composite?
True
Is 884525891 composite?
False
Is 281892311 a composite number?
False
Is 4450861879 prime?
True
Is 17894288171 a prime number?
False
Is 294778215973 composite?
True
Is 389028691 composite?
False
Is 2211583783 composite?
True
Is 11914464241 a composite number?
True
Is 418039201 a prime number?
True
Is 4856115581 a prime number?
False
Is 4053762161 composite?
False
Is 40462063 a composite number?
False
Is 9957208817 a prime number?
True
Is 892273771 composite?
False
Is 22252091539 a prime number?
True
Is 156451213421 composite?
True
Is 130309289 a prime number?
False
Is 378255109 a composite number?
False
Is 7273687963 composite?
False
Is 11114927753 prime?
True
Is 3758052229 a prime number?
True
Is 2203428965 a composite number?
True
Is 92860819717 composite?
False
Is 8686248283 a prime number?
True
Is 7020639985 a prime number?
False
Is 6327954071 a prime number?
True
Is 720178237 composite?
True
Is 120217295357 composite?
True
Is 12820250461 a prime number?
True
Is 2474644943 composite?
False
Is 387928973 a composite number?
True
Is 183396767 composite?
False
Is 578673619 a composite number?
True
Is 2898427781 composite?
False
Is 8147743567 composite?
False
Is 430541393 a composite number?
True
Is 13617517489 prime?
False
Is 18408136205 a prime number?
False
Is 253827701 a prime number?
False
Is 5158984217 a composite number?
False
Is 27944937703 a composite number?
False
Is 42334669309 prime?
False
Is 1562493241 composite?
True
Is 3066586441 prime?
True
Is 31888367809 composite?
False
Is 12293571209 a prime number?
True
Is 9421951177 a prime number?
False
Is 29833199939 composite?
True
Is 11747962543 composite?
False
Is 2263107113 prime?
False
Is 4858559534 a prime number?
False
Is 2300433973 composite?
False
Is 3903065729 a composite number?
True
Is 14405353049 prime?
True
Is 1722808621 composite?
False
Is 89314318219 prime?
False
Is 12874442039 composite?
False
Is 22457063366 composite?
True
Is 1186235863 composite?
True
Is 3569590939 prime?
False
Is 206108893117 a composite number?
False
Is 2946342979 a composite number?
False
Is 17570533751 prime?
False
Is 669952087 a prime number?
False
Is 1988869823 composite?
True
Is 268234093 a prime number?
True
Is 824437633 a composite number?
False
Is 3897598097 a prime number?
False
Is 29175221671 a composite number?
True
Is 753010127 a prime number?
False
Is 13494790511 a composite number?
True
Is 172966147 prime?
True
Is 87033944729 prime?
False
Is 3186379951 composite?
True
Is 4188417371 prime?
True
Is 5610207037 prime?
True
Is 478559671 composite?
False
Is 23597569 a composite number?
True
Is 1482106949 a composite number?
False
Is 20006446301 a prime number?
False
Is 236606089 composite?
False
Is 21148273507 a composite number?
False
Is 865255799 prime?
True
Is 54495602311 composite?
False
Is 41306089927 prime?
False
Is 33679349647 a composite number?
True
Is 11941234861 a prime number?
False
Is 15036769 a composite number?
True
Is 1730446933 a composite number?
True
Is 35113185503 a composite number?
True
Is 17744892749 composite?
False
Is 68443561073 composite?
False
Is 408672701 a composite number?
False
Is 785069099 a prime number?
True
Is 33494561437 a composite number?
True
Is 905748971 a prime number?
True
Is 57935224577 prime?
False
Is 2798101469 a prime number?
True
Is 98416577 composite?
True
Is 4545173323 prime?
True
Is 13093657531 composite?
True
Is 12386421061 a composite number?
True
Is 68910557 a composite number?
False
Is 75465459107 prime?
False
Is 3550100417 prime?
True
Is 5003203943 a prime number?
True
Is 152244823 composite?
True
Is 757822823 a composite number?
True
Is 173894601 a prime number?
False
Is 7006014487 composite?
False
Is 8861630707 prime?
False
Is 2968953517 a composite number?
False
Is 9240565163 prime?
True
Is 1799752807 a prime number?
True
Is 26928196723 a prime number?
True
Is 1361325991 a prime number?
False
Is 59442955883 a prime number?
False
Is 1842940277 composite?
False
Is 83127675941 prime?
False
Is 820312447 a composite number?
False
Is 11358679929 a composite number?
True
Is 214076503 a prime number?
False
Is 1542902359 a prime number?
False
Is 2140590769 a prime number?
False
Is 21238950403 prime?
False
Is 2596715411 a prime number?
True
Is 58672010689 prime?
False
Is 16671938863 prime?
True
Is 10738550047 composite?
False
Is 93796967287 a composite number?
True
Is 3055788703 a prime number?
False
Is 5664408509 prime?
True
Is 91717049 composite?
True
Is 4141776649 composite?
False
Is 158967857 a prime number?
True
Is 684024619 a composite number?
False
Is 883853 a composite number?
True
Is 4935462097 a composite number?
True
Is 1119872561 a prime number?
False
Is 41008827521 composite?
True
Is 1627337651 a composite number?
False
Is 1183283581 a prime number?
False
Is 41139947 prime?
False
Is 3402334163 a prime number?
False
Is 29137091279 a composite number?
True
Is 253081218053 composite?
False
Is 1321669181 composite?
True
Is 18271808449 a composite number?
False
Is 1147400803 composite?
False
Is 11387616881 prime?
False
Is 3113496809 a composite number?
False
Is 224598898 a prime number?
False
Is 28047594661 prime?
False
Is 6971689559 composite?
True
Is 31390235419 a composite number?
True
Is 8095011323 prime?
False
Is 562613255 prime?
False
Is 6352815631 a prime number?
False
Is 1752837019 composite?
True
Is 239911033 composite?
False
Is 2616512257 a prime number?
True
Is 207227003 composite?
True
Is 50072500246 composite?
True
Is 507324143 a composite number?
False
Is 9109233509 composite?
False
Is 60007925953 a composite number?
False
Is 8822786573 composite?
False
Is 474522959 composite?
True
Is 118773405143 a composite number?
False
Is 2760624941 prime?
True
Is 895064357 a prime number?
False
Is 2384121253 prime?
True
Is 131839863 a composite number?
True
Is 51185715811 composite?
False
Is 183038599 a composite number?
False
Is 1454763973 composite?
True
Is 87655674487 a composite number?
False
Is 15774810329 prime?
False
Is 1184348173 prime?
True
Is 399276253 a prime number?
False
Is 1856019943 prime?
True
Is 723652967 a composite number?
False
Is 1170645523 prime?
False
Is 1821711839 a prime number?
True
Is 8862121 composite?
True
Is 730409707 a prime number?
True
Is 9803898817 prime?
False
Is 10329881299 a prime number?
True
Is 494052623 a composite number?
True
Is 229012829 a composite number?
True
Is 1138399057 a composite number?
True
Is 547373947 composite?
False
Is 5876959831 prime?
True
Is 743578163 prime?
False
Is 549428233 a composite number?
False
Is 1453108451 a prime number?
False
Is 399131881 composite?
False
Is 283437292595 a composite 